. What is x(w)?
2
Let a(t) = -t**2 + 3*t - 2 - 2 - 11 + 21. Calculate a(5).
-4
Let j(t) = t**3 + 4*t**2 - 2. Let v be (-640)/36 - 4/18. Let s = -20 - v. Determine j(s).
6
Suppose 30 = -3*g + 42. Let x(h) = -4*h - 1. Let i(f) = 3*f + 2. Let s(n) = -5*i(n) - 4*x(n). Calculate s(g).
-2
Let a(v) = 3. Let z(t) = 4*t + 16. Let r(j) = -j - 1. Let u(n) = -3*r(n) - z(n). Let p(b) = 9*a(b) + 2*u(b). Calculate p(-1).
3
Let t(u) = -3*u. Let v be t(-2). Let w(l) = 2*l. Determine w(v).
12
Let r(v) = -v + 9. Let d be 2/(-8) + (-18)/(-8). Let o(t) = -4*t + 46. Let k(q) = d*o(q) - 11*r(q). What is k(5)?
8
Let m(q) = 4 + 0 - 5 + 3*q. Suppose -3 = -2*w + 5. Suppose -1 = 3*i - w. Calculate m(i).
2
Let m(f) = -41*f. Let l(n) = -5*n. Let b(x) = -40*l(x) + 5*m(x). Give b(-1).
5
Let j(m) be the second derivative of m**5/20 - 7*m**4/12 + 7*m**3/6 - 3*m**2/2 - 16*m + 2. Calculate j(6).
3
Let g(r) = -r**2 - 4*r - 6. Let f be (88/24)/(1/4)*3. Let y(w) = 2*w**3 - 3*w**2 - 3*w + 4. Let h be y(3). Let b be (-184)/f - (-4)/h. Give g(b).
-6
Let o(x) = -1. Let g(d) = d - 12. Let s(c) = -g(c) + 6*o(c). Determine s(7).
-1
Let o(r) = -7 + 0*r**2 + r**2 - 5*r**3 + 0*r**2 - 2*r. Let h(l) = 11*l**3 - 3*l**2 + 5*l + 15. Let d(i) = -4*h(i) - 9*o(i). Let u = 19 + -23. What is d(u)?
-5
Let u(p) be the third derivative of p**6/720 + p**5/60 + p**4/8 + p**2. Let d(w) be the second derivative of u(w). Calculate d(-2).
0
Let g(c) be the third derivative of c**9/60480 - c**8/4032 + c**7/1008 + c**5/20 - c**2. Let t(d) be the third derivative of g(d). Give t(4).
4
Let j(y) = 0*y + 7*y - 8 + 8 + 1. Determine j(1).
8
Let k(w) = w**3 + 6*w**2 + 6*w - 1. Let o be (-156)/30 - 1/(-5). Calculate k(o).
-6
Let o(w) be the third derivative of w**5/20 - w**4/12 + w**3/6 - 2*w**2. Let b(p) = -p**3 + 5*p**2 - 4*p + 1. Let y be b(4). Determine o(y).
2
Let a(w) = w**3 - w**2 - w + 6. Let v be a(0). Suppose v*p = 3*p + 9. Let m(l) = -2*l + 1. Give m(p).
-5
Suppose -3*t = -5*h + 18, h = 3*t - 2*t + 4. Let n(s) be the third derivative of 3*s**6/40 + s**5/30 - s**3/6 - 2*s**2. Determine n(t).
-8
Let a be 4/(0 + 1)*(-8)/(-16). Let t(y) be the first derivative of -3*y**2/2 + 3*y - 1. Give t(a).
-3
Let p(d) = -d**3 - 2*d**2 - 2*d + 2. Suppose -3*s = -4*s - 2, -2*s = u - 1. Suppose -j = 4*o - 2, 0 = -5*j - 0*j + u*o - 15. Calculate p(j).
6
Let u(r) = -r - 1. Let l = -146 - -148. Give u(l).
-3
Let i be (-140)/(-42) + 2/3. Let s(a) = 7*a**3 - 8*a**2 + 2*a - 9. Let m(x) = 3*x**3 - 4*x**2 + x - 4. Let u(c) = 5*m(c) - 2*s(c). What is u(i)?
2
Let m(b) = -1. Let v(a) = 11*a + 4. Let w(s) = 6*m(s) + v(s). Give w(2).
20
Let g be 4 - (1 + 9 + -1). Let h(n) be the third derivative of -1/60*n**5 + 0 + 1/3*n**3 + 0*n - 1/6*n**4 - n**2. Give h(g).
-3
Let f(o) be the first derivative of 0*o**2 + 2 - 3*o - 1/6*o**3. Let d(z) be the first derivative of f(z). What is d(3)?
-3
Let t be -3 + 1 - (6 + -2). Let d = 19 + -17. Let j(o) = -5 + o**2 - o**3 - 2*o - 4*o**d - 3*o**2 + 0*o**2. Calculate j(t).
7
Let n(x) = -x**2 + 5*x - 2. Let h be (-1)/((28/8)/(-7)). What is n(h)?
4
Let m(o) = -8 + 7 + 9*o + 7 + o**2 - 2. Calculate m(-6).
-14
Let f be 4/14 - 10/(-14). Let g(s) = s**2 - f + 3 - 4*s + 4 + 0. Determine g(4).
6
Let u(x) = x**2 - x - 1. Let o(m) = -7*m**2 + 3*m + 5. Let c(f) = -o(f) - 6*u(f). Let g = -4 - -6. Suppose 2*k + g*k + 8 = 0. What is c(k)?
-1
Let w(g) be the second derivative of g**5/20 + g**4/6 - g**3 - g**2/2 - 70*g. Suppose 4*a = -12, -o + 0*o + a - 1 = 0. Calculate w(o).
-9
Suppose 6*m - 3*i - 10 = m, 2*i - 5 = m. Suppose -8 + 1 = -2*s - x, x + 7 = m*s. Let p(l) = 3*l - 3. What is p(s)?
3
Let n(z) be the first derivative of -3*z**2/2 - 3*z - 1. Suppose -5*y - 5*a + 90 = 0, 2*y + 4*a = -0*a + 36. Let x = -21 + y. Calculate n(x).
6
Let p(v) = -v**2 - 7*v - 5. Let r be -1*6 + 6 + -6. What is p(r)?
1
Suppose 2*l = 3*h - 11, -3*h - h + 8 = -4*l. Let w(j) = j - 8. Determine w(h).
-1
Let r(t) = 1 - 19*t + 23*t - 17*t. Calculate r(-1).
14
Let o(s) = -s**3 - 3*s**2 - 4*s - 8. Let m(w) = w**3 - w**2. Let p(v) = -2*m(v) - o(v). Give p(6).
-4
Let i(t) = t**3 - 4*t**2 - 4*t - 7. Let m = -15 - -28. Suppose -m = -5*l + 12. What is i(l)?
-2
Suppose 0 = -3*t - 6 - 12. Let b(k) = k - 5 - 5*k + 3*k. Determine b(t).
1
Suppose 3*p - 16 - 5 = 0. Let b(y) = 3*y - 3*y - p*y**2 + 5*y + 5 + 2 + y**3. Give b(6).
1
Let h(a) be the third derivative of a**5/60 - a**4/12 - 2*a**3/3 + 5*a**2 - 2. Give h(-5).
31
Let p(t) = -t**3 + 5*t**2 + 2*t - 4. Let l(j) = -j**2 - 11*j - 5. Suppose 0*x + 20 = -2*x. Let b be l(x). Determine p(b).
6
Let m(g) = -7*g - 9. Let l(h) = -16*h - 18. Let s(w) = -4*l(w) + 9*m(w). Give s(7).
-2
Let h(j) = -j + 4. Let w = -2 - -5. What is h(w)?
1
Let w(m) = 3*m - 6. Let b = -47 - -52. Give w(b).
9
Let y(v) = 7*v + 1. Suppose 3*i + 0*i = 4*x - 11, i + 8 = -3*x. Calculate y(x).
-6
Let q be 1*6 - (1 + 1). Let z(u) = -q - 2*u + 2*u + 1 - 3*u. Suppose f = 2*f + 3. Determine z(f).
6
Let s(g) = 2*g**2 + 6*g - 2. Let x(v) = -3*v**2 - 11*v + 3. Let l(m) = -5*s(m) - 3*x(m). Calculate l(4).
-3
Let d = 14 + -6. Suppose 2*t + 18 = -4*r, 2*r - 3*t + d - 3 = 0. Let m(q) = q**3 + 5*q**2 + 2*q + 3. Calculate m(r).
11
Let r(y) = y**3 + 5 - 1 + y**2 - 5*y + 0 - 5*y**2. Let s be r(5). Let i(x) = -x**2 + 2*x + 4. Calculate i(s).
-4
Let d(g) = g**3 + 5*g**2 + 2*g - 3. Let s(t) = t**3 + 5*t**2 + 2*t - 4. Let v(p) = 4*d(p) - 3*s(p). What is v(-4)?
8
Let m(i) = 5*i**2 - 2*i - 3. Let h(y) = -y**2 + y + 1. Let l(a) = -4*h(a) - m(a). Give l(-3).
-4
Let q(b) = -3*b - 6. Let h be ((-4)/3)/((-1)/36). Suppose -z + h = 2*z. Suppose -4*i - z + 0 = 0. Give q(i).
6
Let a(i) = -2*i - 15. Let b(k) = -6*k - 44. Let t(c) = -11*a(c) + 4*b(c). Give t(-8).
5
Let k(s) be the third derivative of -s**4/24 + 13*s**3/3 - 20*s**2. Calculate k(0).
26
Let n(a) = a**3 + 5*a**2 + 4. Let q be 1/(2*(-1)/(-10)). Suppose -5*x + 5 = -5*z, -q*z = -x + 4*x + 37. Determine n(z).
4
Let d(l) be the third derivative of 0*l - 1/3*l**3 + 0 + 1/120*l**6 + 1/12*l**5 + 5/24*l**4 - l**2. Suppose -5*w - 14 - 6 = 0, 2*w = 2*x. Calculate d(x).
-6
Let w(g) be the third derivative of g**6/120 + g**5/60 - g**4/12 + g**3/6 - 2*g**2. What is w(1)?
1
Let i = 9 - 15. Let v(q) = 2*q + 9. Calculate v(i).
-3
Let x(n) = n + 5. Let s be x(-4). Let y(g) = g**2 + 4 + 4 + s + 6*g - 3. What is y(-4)?
-2
Let t(c) = -c**3 + 2*c**2 - 3*c - 4. Let x = 1 - -2. What is t(x)?
-22
Let s(h) = -h**2 + 7*h - 5. Suppose -5 - 2 = m. Let y = m + 11. Give s(y).
7
Let b(f) = 2*f**2 - 1 - f + 5 + f**3 + 0*f. Suppose -g + 8 - 4 = 0. Suppose 4*w = -3*l + 1 - g, w = l - 6. Determine b(w).
-2
Let k(b) = -b**2 - 1. Let r(a) = -3*a**2 - 3*a. Let o(v) = -2*k(v) + r(v). Calculate o(-4).
-2
Let r be (0 + -10 - -4) + -1 + 5. Let c(p) = -p**3 - p**2 - p + 1. Give c(r).
7
Let o be (-2)/((-14)/6 - -2). Suppose -s + o*s = 5. Let v(z) = -2*z**3 - z. Let j be v(s). Let q(k) = k**2 + k - 1. Determine q(j).
5
Let h(w) = 3*w**2 - 2*w + 4. Let b(y) = -2*y**2 + 2*y - 3. Let o(m) = -7*b(m) - 6*h(m). Calculate o(-2).
-15
Let s = 13 - 18. Let w(m) = -1 + 3*m**2 - 1 + 2 - 9*m. Let u(r) = -7*r**2 + 19*r. Let j(a) = 4*u(a) + 9*w(a). Give j(s).
0
Let y(l) be the second derivative of l**5/60 - l**4/12 + l**3 + 8*l. Let p(j) be the second derivative of y(j). Give p(-4).
-10
Let s(d) be the first derivative of -d**4/4 + d**2/2 + 3*d + 3. Let z(a) = -4*a**3 - a**2 + 4*a + 13. Let k(q) = -9*s(q) + 2*z(q). Determine k(3).
5
Let a(j) = 3*j**2 + 2*j + 8. Let g(q) = -4*q**2 - q - 9. Let y(f) = 5*a(f) + 4*g(f). Let r be y(7). Let i(h) = h**2 + 2*h - 1. Give i(r).
2
Suppose 4*l = -o + 3*o - 26, -5*o - 1 = l. Let z(v) = v**3 + 6*v**2 + v + 2. Determine z(l).
-4
Suppose -11*s + 15*s = 24. Let a(m) = -2*m + 7. Determine a(s).
-5
Let i(y) be the third derivative of -y**6/120 - y**5/20 + y**4/4 + 2*y**3/3 + y**2. Suppose -4*l + 8 = -p, -l - l - 2*p = 6. Let t be l + -5*(1 + 0). Give i(t).
-4
Suppose -3*l + 4*x + 31 = 0, -2*x + 4 = -3*x. Let t(k) = -9*k**2 + 0 + 8*k**2 - l - 4*k. Suppose 12 = b + 4*o, o - 2*o = 4*b + 12. What is t(b)?
-5
Let t(b) = 8*b**3 - 5*b + 4. Let q(r) = -r + 1. Let d(m) = 4*q(m) - t(m). What is d(1)?
-7
Let c(a) be the first derivative of -a**2/2 - 7*a + 5. Give c(-5).
-2
Let p(h) = h - 3. Let m be p(3). Let o(y) = 0 + 2*y - 6 + y + m*y. Suppose 0